?
1
Let v(w) = -3*w**2 - 82*w. What is the tens digit of v(-25)?
7
Suppose 72*n - 66968 = -16*n. What is the tens digit of n?
6
Let k(p) = 3*p - 8. Let a = 18 + -14. Let l be k(a). Suppose -5*x - 2*i = -171, -l*x - x + 4*i + 153 = 0. What is the units digit of x?
3
Let s(z) = -10*z - 8. Let j(w) be the third derivative of 3*w**4/8 + 4*w**3/3 - 8*w**2. Let k(n) = 5*j(n) + 4*s(n). What is the tens digit of k(4)?
2
Suppose 5*r - 20 + 85 = 0. Let l = 13 + r. Suppose p = -l*p + 10. What is the units digit of p?
0
Let c(z) = z**3 - 3*z**2 + 7*z + 3281. What is the hundreds digit of c(0)?
2
Suppose -7*z = -2690 - 3309. What is the units digit of z?
7
Let c(g) be the first derivative of 3*g**5/10 + 3*g**2/2 - 3. Let j(i) be the second derivative of c(i). What is the tens digit of j(1)?
1
Suppose 235*v + 20 = 233*v. Let x(w) = 7*w - 2. Let l be x(3). Let s = v + l. What is the units digit of s?
9
Suppose 0 = -p - 3*p + n + 222, 228 = 4*p - 4*n. Suppose 0*a + 5*a = 3*s + p, a - 4*s = 11. What is the tens digit of a?
1
Let b be 1138*(5 - (-44)/(-8)). Let a = b - -799. What is the units digit of a?
0
Suppose -w - 7 + 3 = -g, -18 = 3*w - 5*g. Let x be 190/15 + (-2)/3. What is the tens digit of x*1/(-1)*w?
1
Suppose 0 = 4*l - 19768 + 4688. What is the tens digit of l?
7
Suppose 3*a = -316 + 2413. Suppose 3*k - 272 = -2*m, -5*m + 2*k + a = -0*k. What is the hundreds digit of m?
1
Suppose -101 = -4*v + 15. Suppose v + 31 = 3*y. What is the tens digit of y?
2
Let b = -2 - -1. Let l(z) = 2*z**2 + 3*z + 1. Let j be l(b). Suppose j = -0*r - 5*r + 120. What is the tens digit of r?
2
Suppose z + 16 = -2*y - 3*z, y - 4 = z. Suppose y = 9*p - 4*p - 160. Let d = -17 + p. What is the tens digit of d?
1
Let i(b) = -b**3 - b**2 + 18*b - 5. Let w be i(-5). Suppose -5*q + 0*x + x + 623 = 0, -3*q + 387 = -w*x. What is the tens digit of q?
2
Let u be (-10)/(-35) - (-61)/7. Suppose -2*q - u = -45. Let s = q - -5. What is the tens digit of s?
2
Let s = 7 + -5. Suppose 3*c - 118 = 4*w, -3*c = s*c + w - 212. Suppose -m - c = -3*m. What is the units digit of m?
1
Suppose -2*s + 0*s + 42 = 4*a, -5*s = 4*a - 99. Let i = -20 + s. What is the units digit of i/(-4) + (-1897)/(-28)?
8
Suppose -2*c - 2*t = -4, -c - 2*t = -4*t - 8. Suppose m = -4*g + 248, -2*m = -c*g + 2*g + 134. What is the units digit of g?
3
Let l be -4*(1 - 2)/4. Suppose 0 = k - l, -1 + 7 = 5*c + k. What is the tens digit of 1 - c - -8*3?
2
Suppose 3*n = -2*k - 6, 5*k + 21 - 6 = -n. Suppose n = -3*p - 2*p + 25. Suppose -6*y + 7 = -y - x, -p*x - 13 = -3*y. What is the units digit of y?
1
Let w(c) = 42*c - 2. What is the tens digit of w(13)?
4
Let k = -1320 - -1988. What is the hundreds digit of k?
6
Let o(y) = y**2 + 6*y - 35. Suppose -2*h + 7*h + 3*i = 50, -50 = -5*h - i. What is the tens digit of o(h)?
2
Suppose 2*q + 62 = 4*q + 4*z, 5*z - 4 = q. What is the tens digit of q?
2
Let c(x) = -x + 1. Let f be c(-1). Let k be (-46)/(-8) - 30/40. Suppose f*b - k*b = -111. What is the units digit of b?
7
Suppose 1361*q - 1376*q + 55455 = 0. What is the tens digit of q?
9
Let q = 416 + -183. Let h = q - 137. What is the tens digit of h?
9
Suppose 0 = -3*r - 5*c + 1162, 6 = -5*c - 14. What is the hundreds digit of r?
3
Suppose -15*o = -18*o - 9. Let z be 1 - (-3 - o - 0). What is the tens digit of z - 3 - 154/(-2)?
7
Suppose -107870 = -28*v - 42*v. What is the tens digit of v?
4
Let b(l) = 76*l + 1018. What is the units digit of b(58)?
6
What is the tens digit of (-5)/((-75)/6) - (-28624)/40?
1
Suppose -22*d = -86*d + 257472. What is the tens digit of d?
2
Let q(h) = 26*h + 46. What is the units digit of q(5)?
6
Let a = -9 + 14. Suppose -a*q + 1 = -19. Suppose 3*g + 63 = q*g. What is the units digit of g?
3
Suppose -42*r - 24550 = -67*r. What is the tens digit of r?
8
Suppose -60 = -4*d - 32. Suppose d*p = 3*p + 780. What is the tens digit of p?
9
Let z = 1744 - 801. Suppose z = 13*b - 864. What is the hundreds digit of b?
1
Let o(h) = -h**2 + 8*h + 3. Let p be o(7). Suppose 0 = 3*t - p - 14. What is the units digit of t?
8
Let i(k) = 4*k + 9. Let o be i(-1). Suppose 2*m = -o*t + 132, t - 24 = m + 8. What is the units digit of t?
8
Let b(m) = m - 1. Let g be -1 - (-2 - -4) - -8. Let c be b(g). Suppose 4*s - 4*l = 108, c*l - 37 - 125 = -5*s. What is the tens digit of s?
3
Let c(h) = 0*h**2 + 5*h + h**2 - 5 + 20. What is the tens digit of c(-6)?
2
Let b be (0 - (-1 + 1)) + -1. Let x = 1 + b. Suppose x = -2*p - f + 16, -2*p + 2*f + 49 = 3*p. What is the units digit of p?
9
Suppose -3*m = 4*f + 2*m - 24, -5*m = 20. Suppose 0 = -f*z + 7*z + 152. Suppose 4*n - 22 - z = 0. What is the units digit of n?
5
Suppose 72352 = 8*g + 30*g. What is the units digit of g?
4
Let c = 405 + -296. What is the units digit of c?
9
Let s = -494 - -314. Let r = s + 311. What is the hundreds digit of r?
1
What is the hundreds digit of (-16 + 336/20)*(-7190)/(-2)?
8
Let w(h) = 3*h**2 - 5*h - 6. Let x be w(-4). Let q = x + 4. What is the tens digit of q?
6
What is the hundreds digit of (4 + -48)/((-4)/18)?
1
Let k(t) = -t**2 + 20*t - 15. Let s be k(13). Let z = -52 + s. What is the units digit of z?
4
Suppose -76 - 68 = -2*c. Suppose 0 = 2*j - 3*a - a + c, 0 = -3*j - 4*a - 128. Let f = 67 + j. What is the tens digit of f?
2
Suppose 6*x - 297 = 363. Suppose -3*g - 4*h + 191 = 0, 28 = -g - 5*h + x. What is the tens digit of g?
5
Let s = 1 - 1. Suppose -5*p + 2*v = 0, 2*v + s*v = -3*p - 16. Let j(k) = 4*k**2 - k + 2. What is the units digit of j(p)?
0
Let b be ((-495)/18)/(-11)*(-6)/(-5). Suppose 0 = 3*t + i - 2*i - 794, -4*i + 784 = b*t. What is the units digit of t?
4
Suppose 175*z + 924 = 179*z. What is the units digit of z?
1
Suppose 0*y + 5*y + 169 = -2*p, 6 = -2*y. Let n = p - -170. What is the units digit of n?
3
Let c = -829 + 1867. What is the tens digit of c?
3
Let i = -5 - 7. Let n = i + 15. What is the tens digit of (6 - n)*(-52)/(-6)?
2
What is the tens digit of 1/(-9) - (-3 + (-14042)/18)?
8
Let m be 2/4 - (-6)/(-4). Let n(t) = -29*t - 1. Let h(k) = -26*k - 2. Let o(v) = -2*h(v) + 3*n(v). What is the tens digit of o(m)?
3
Let v = 190 - -293. What is the units digit of v?
3
Suppose 116 = u - 877. What is the hundreds digit of u?
9
What is the tens digit of (-2700)/(-16) + 3 + (-2)/(-8)?
7
Let g(d) be the first derivative of 2*d**3/3 - 13*d**2 - 19*d + 3. What is the units digit of g(14)?
9
Suppose 1499 = 5*u - 2346. What is the units digit of u?
9
Let w(x) = x**3 - 23*x**2 + 8*x - 26. Suppose 30 = -5*l + 145. What is the hundreds digit of w(l)?
1
Let b be -117 - 2/(-6)*24/4. Let p = 222 + b. What is the hundreds digit of p?
1
Suppose 3*w - a - 5781 = 0, 4*w - 10666 = 5*a - 2958. What is the units digit of w?
7
Let k be 1 + (-1)/(1/(-117)) + -3. Suppose -117 = -4*t + k. What is the tens digit of t?
5
What is the hundreds digit of (-40)/12*(1584/(-15) - 0)?
3
Let j(k) = 13*k**2 - 61*k - 51. Let v(r) = 3*r**2 - 15*r - 13. Let m(f) = -2*j(f) + 9*v(f). What is the tens digit of m(17)?
5
Suppose -3*b + 10 = 2*b. Suppose -4*q - 5*p = q - 285, -b*q + 2*p = -94. What is the units digit of q?
2
Suppose 4*p = -4*j + 224, j = -0*j - 1. What is the tens digit of p?
5
Let r(w) be the first derivative of -w**2/2 + 13*w + 2. Let b be r(8). Suppose 3*u + 4*h = u + 68, -5*h + 155 = b*u. What is the units digit of u?
8
Suppose 5*o + f - 747 = 0, 713 = 4*o - 5*f + 98. What is the hundreds digit of o?
1
Suppose -476 = -2*s + 648. What is the tens digit of s?
6
Let i(k) = k**3 - 2*k**2 - 3*k - 2. Let a be i(3). Let z be 6/12*(a + 2). Suppose 2*o + 3*o - 105 = z. What is the tens digit of o?
2
Let t(f) be the third derivative of f**6/360 + f**5/30 - f**3/6 + 4*f**2. Let q(h) be the first derivative of t(h). What is the tens digit of q(3)?
2
Suppose 84 = -36*o + 34*o. Let w = -72 + 148. Let m = w + o. What is the tens digit of m?
3
Let x(w) = -w**2 + 15*w + 4. Let i be x(15). Suppose 5*c - 10 = 4*u, -3*u = 2*c - 4*u - i. Suppose 3*l - 20 = c*l. What is the units digit of l?
0
What is the hundreds digit of 61/(((-6)/(-81))/(4/6))?
5
Suppose 0 = -2*i + 4*z + 208, -z + 3 = 2*z. What is the hundreds digit of i?
1
Let s = 350 - -2305. What is the tens digit of s?
5
Let c be (-7)/(-2)*20/7. Let f = 7 - c. What is the tens digit of f/(-4) + 584/32?
1
Suppose -4*d = 3 - 